hat is -3 + -3 - -2 - ((-7 - -4) + -6)?
5
What is the value of 2 + -1 + (-4 - (34 + -14 - 14))?
-9
What is -10 - (32 + -35 + (-1 - (-5 + 0)))?
-11
Evaluate (-16 + 24 - -2) + -3 - (0 + -3).
10
Evaluate -21 + (-24 - -16 - -47).
18
What is the value of -1 - (-14 + 15) - (-9 - 4)?
11
What is the value of 8 - (2 + 20) - -17?
3
Evaluate 6 + 3 + (11 + -44 - 2) + 6.
-20
Calculate 11 - (9 + -12 - 4 - -8).
10
What is the value of 13 - 3 - ((25 - 0) + -46 + 56)?
-25
(-18 - -16) + (-32 - -12)
-22
17 + (-4 + 0 - (-5 + 8 + -15))
25
What is the value of -122 + 98 - (-50 + -4)?
30
Calculate (-14 - -14 - (2 - 11)) + -6.
3
35 - 26 - (0 + 6 + (-6 - -39))
-30
What is -1 + (5 - 10) + 21 + 5?
20
What is (17 - -21) + (-2 - (1 - 8)) + -6?
37
What is 5 + 43 - 42 - (9 + 1)?
-4
What is 2 - (-16 + 8 + 7)?
3
What is -12 - -25 - (0 - -5)?
8
What is -17 - -2 - (20 - (24 - 1))?
-12
Evaluate -2 + -10 - ((0 - -5 - -7) + -10).
-14
5 - (0 - (-7 - 1) - (13 + -6))
4
(-9 - 1 - -6) + 13
9
Evaluate -21 - (-49 + 8 - -21).
-1
What is the value of -37 - (-15 + -39) - 14?
3
Calculate -1 - -1 - (-23 - -8 - -31).
-16
(-2 - ((-5 - -4) + 1)) + -3
-5
What is -33 + (-19 - -70) - 46?
-28
What is 20 - (5 - -19 - 6)?
2
What is 8 - ((-3 - 1) + -18 + 4)?
26
Calculate -2 + 9 + (-25 - -23).
5
Evaluate -9 + 4 + (-10 - -5) + -7 + 10.
-7
-23 + 46 + 0 - 19
4
Calculate (4 - 12) + -2 + 8 + 13 + -7.
4
-41 - (11 + (8 - 18) - 17)
-25
What is (12 - 29) + (1 - 0 - 6)?
-22
Evaluate (5 - 6) + 0 - -8 - (42 - 3).
-32
What is (-28 + -10 - -32) + -1 + 0 + 25?
18
Calculate -11 + 25 + -2 + 6.
18
-1 - 5 - (19 + -15) - 8
-18
Calculate (30 - (53 - -25)) + 33.
-15
Calculate (15 - 2) + -21 - -32.
24
Calculate -6 + (9 - -8) + 3 - (-6 + -1).
21
Evaluate 20 + -32 + 20 + 1 + -1.
8
What is the value of 33 + (-20 - (3 + (-20 - -8)))?
22
What is 3 - (-11 + (11 - 3) - -6)?
0
What is (-3 - -1) + -1 - (11 + -8 + 12)?
-18
What is 29 - -9 - (15 + -15 + 16)?
22
23 + (2 - (-36 - -78))
-17
What is the value of (-8 - (1 + (1 - 3))) + (-9 - -5)?
-11
Calculate -24 - -18 - (-30 - (3 - 11)).
16
Calculate 25 + -3 + 3 + (-4 - 1) + -6.
14
What is the value of -3 + -9 + (-5 - -15)?
-2
Evaluate 10 + (1 + -3 - (9 - (6 + 1))).
6
-11 + 9 + -11 - -5
-8
3 + 2 + -9 + 4 + -1 - 3
-4
What is the value of -14 - (-4 + -8 - 0) - -2?
0
What is the value of -2 + 5 - (19 + -23)?
7
What is the value of 3 - (0 + (8 - 3) + -2)?
0
Calculate -6 + 8 + 15 + (6 - (9 + 2)).
12
Calculate (6 + 13 - 6) + (-31 - -41).
23
What is -7 + (10 - -6) + -1 + -1 + 0?
7
What is (-150 - -123) + -3 + -2?
-32
Evaluate 0 + 8 - (5 - -1 - (-96 + 86)).
-8
Calculate -1 - (4 + -4 + 0 + -10).
9
Calculate -8 - (1 - -1) - (2215 - 2210).
-15
(506 - 548) + (27 - 0)
-15
Evaluate -3 + (11 - 2) - (-21 + 16 + -7).
18
What is the value of 6 + (-1 - 1) - (-71 + 48 - -18)?
9
What is the value of (-19 - 13) + 11 + 8?
-13
Evaluate -14 - ((60 - 53) + 2 + -15).
-8
(-19 - 5) + 33 - -18
27
Calculate -211 + 186 - (1 - 18).
-8
What is the value of 3 + 2 + -14 - (-49 + 51)?
-11
What is the value of 11 + (-49 - -16) + (9 - 2)?
-15
202 - 196 - (0 + 16)
-10
What is (-17 - (-18 - -6)) + 1?
-4
What is 5 + -5 + 4 + 20 + (24 - 29)?
19
Evaluate 7 + 3 + (13 - 20).
3
Evaluate -4 + 6 + 2 - (-1 + 7 + -4).
2
Evaluate 7 + 11 + (-14 - 12).
-8
What is 30 + -26 + -6 + 2 - -2?
2
What is 14 - (-28 - (-17 - (11 + -10)))?
24
Evaluate -17 + 0 - (24 - (-18 + 66 + -13)).
-6
-216 + 220 - (0 - (-1 - (22 - 4)))
-15
4 - ((6 - 1) + 4 + -2)
-3
What is (-7 - (6 + -4)) + (-3 - (3 + -3))?
-12
Calculate -51 + 58 + -2 + -31.
-26
What is the value of (1 - -4) + (-18 - -10 - -7)?
4
What is -6 + (-6 - -18) - (4 + -9 + 14)?
-3
12 - -2 - -6 - 13
7
What is the value of -9 - (-12 - -6) - (4 - 5)?
-2
Calculate 2 + ((8 - 3) + -16 - -14).
5
What is the value of 6 - (-311 + 309 + (26 - 1))?
-17
What is 14 + (10 - (-5 + 41))?
-12
Calculate (2 - 15 - 2) + (3 - -1) + 3.
-8
Evaluate 41 + (-9 - 13) + -9.
10
What is the value of -1 + 7 - (-17 + 15 - -26)?
-18
What is the value of (2 + -14 - -3 - 3) + -9?
-21
(2 - 13) + 28 + (33 - 37)
13
What is -10 + -7 + (-14 - -63) + -1?
31
Evaluate 14 + -8 + (1 - 0 - 23).
-16
(1 - 4) + -7 + (5 - (-5 + 4))
-4
What is the value of (17 - 9) + -4 + -6 + 2 - -4?
4
-6 + (6 - (-8 + 6 - -6))
-4
What is the value of -11 + 21 + -7 - 3?
0
What is (-3 - -5) + -5 + 5 + 12 + -41?
-27
Evaluate -24 + (24 - 14) - (14 - 2).
-26
Evaluate (-2 + -10 - (-2 + -4)) + 0 + -17.
-23
Calculate -31 - -51 - 17 - 26.
-23
What is (0 - -2 - -18) + -10 + (2 - 1)?
11
Evaluate -6 - (33 + -79 + 34 + -12 + 2).
16
Calculate 3 - (-4 + -10 + 6 + (3 - -10)).
-2
Calculate (-8 - (-9 - (3 + -8))) + 19.
15
What is -3 + -46 + 35 - (2 - 1 - 7)?
-8
Calculate -8 + (-2 - (1 - 1)) + (-423 - -442).
9
(3 - (-6 + -18)) + (-1 - 0) + -6
20
1 - 7 - (-443 - -455)
-18
What is the value of 6 + (-21 - -56) + -47?
-6
Calculate -3 + 44 + -21 - 29.
-9
What is -8 - (-3 - 8) - -6?
9
What is the value of 7 - (35 - (12 - -11))?
-5
What is the value of 9 - (-21 + 1 - -20)?
9
What is the value of -6 + (21 - (25 + 0))?
-10
Calculate -9 - 2 - ((10 - 18) + 10).
-13
What is the value of 0 + 14 - ((24 - 22) + 30)?
-18
Evaluate 12 - (5 - 0 - 0 - (67 - 61)).
13
Evaluate 27 + -34 + -5 + -10.
-22
What is the value of 33 - (16 + 45) - (3 - 3)?
-28
What is the value of 1 + -48 + 941 + -920?
-26
What is 9 + -23 + 21 + (-34 - -1)?
-26
Calculate -3 + 17 + (-124 - -118).
8
What is (-57 - (36 + -88)) + (1 - 1 - -12)?
7
Calculate 6 + -10 - (-1 + -2 - -18).
-19
What is -28 + 32 + 2 - (1 - 13)?
18
What is the value of 1 - -2 - (21 + -25) - (28 - -1)?
-22
Evaluate 26 - (6 + -14 - (-5 - 2)).
27
What is 13 + -21 - 4 - -19?
7
Evaluate -1 + (-7 - (0 + 10 - 12)).
-6
-22 - -2 - (40 - 8 - 44)
-8
Evaluate 15 - 25 - (-4 - (-10 - -3)).
-13
Evaluate (5 - -3) + (-29 + 47 - 14).
12
What is (27 - 11 - 7) + (-3 - 19)?
-13
Evaluate 3 - (6 - 6) - (1 - -15 - -4).
-17
9 - (36 - 15 - 6)
-6
(8 - 0) + -15 + 15 + -3
5
What is the value of 9 + 25 + -17 - 12?
5
What is the value of 2 + -6 - (-1 + 10 + -1)?
-12
What is -17 + (-15 + 2 - 0) + 0 + 5?
-25
Evaluate -2 + -8 + 1 + 22 - 12.
1
Calculate -1 + 12 + -12 + -13 + 12 + 11.
9
Evaluate -13 - -5 - (11 + -11) - -10.
2
Evaluate 7 - ((9 - -1) + 1 + -5 + -3).
4
17 + -39 - (-14 + 18)
-26
Evaluate -8 + (-7 + 3 + -2 - -14).
0
What is -5 - (3 - (-11 + 11 + -4))?
-12
Calculate -5 - (-10 + (-3 - -12)) - 1.
-5
What is the value of (-26 - -49 - 38) + 0 + (-4 - 1)?
-20
What is (-19 - (-22 - -27)) + 36?
12
-125 + 117 + 5 + 0 + -13
-16
Calculate 7 + (4 + 1 - (66 - 66)).
12
-43 + 40 - (30 + 4 + -1)
-36
-6 + 13 + (-10 - -17) + 0 - -3
17
Evaluate 1 + 1 - -2 - (-33 + -11 + 46).
2
Evaluate -5 + -5 - -5 - ((-9 - -1) + -13).
16
Evaluate 3 + 0 + 1 + (20 + -5 - 8).
11
Calculate -18 + (-9 - (6 - 7)) + 1 + 0.
-25
Evaluate (1 + -2 - -32) + (31 - -3) + -35.
30
What is the value of -16 + 2 + (27 - (-17 + 21))?
9
Calculate (1 - -1) + 0 + -8 + 3 + -1.
-4
What is the value of 2 - (12 + (1 - 13)) - (0 + -1)?
3
Calculate (10 - 99) + 57 - (1 + -1 - -1).
-33
What is the value of -1 + (3 - (-10 - -2 - -3))?
7
Evaluate 11 - (1 - 1) - ((5 - 11) + 5).
12
What is 22 - 26 - (-13 - 1)?
10
What is the value of 11 - (-3 + 25 + -17)?
6
Evaluate 7 + -10 - (-3 + 4 + 2) - -19.
13
What is the value of (0 - 0) + 2 + -14 - (-3830 - -3809)?
9
Evaluate -1 + 1 + (-17 - -34 - 29).
-12
What is the value of -20 - (-15 - (-9 + 2))?
-12
What is the value of -23 + 21 + (2 - 0 - -6) + -9?
-3
Evaluate 11 + -24 + (4 - 2).
-11
What is the value of (9 - -4 - 3) + -2?
8
Calculate 8 + (-29 - (0 - 3)) + 8.
-10
What is the value of -3 - (4 - (6 + -18))?
-19
Calculate -39 + (-12 - -40) - (-2 - -10).
-19
What is (-41 - -29) + 42 - -1?
31
What is the value of -6 - (2 + 1 + 8 + -6)?
-11
Calculate (8 - 0) + (29 - 73) + 31.
-5
Calculate (-2 - -8) + -24 + 13 + 21.
16
Evaluate (-15 + 27 - 6) + (4 - 2).
8
Calculate -3 + 2 + -11 + 20 - (12 - 0).
-4
Evaluate -4 + 20 + 0 + -3 + -4 + -2.
7
Evaluate -23 + (24 - 10 - -4).
-5
Calculate 10 + -33 + (-40 - -82).
19
Evaluate -8 + (-30 - -41) - (-4 - 1).
8
32 + -15 + -24 + 19
12
What is (-9 - -11) + (16 - 10 - -3)?
11
What is the value of -12 + 41 - (50 - 24)?
3
2 + 0 + -6 - (-5 - 6)
7
What is the value of -2 + -7 + -2 + 22 + 0?
11
What is (0 - 26) + 3 + -5 + 7?
-21
Calculate 2 + (-7 - (4 + -3 - 8)) - 6.
-4
What is -6 - (-4 + -18